5 and x?
5
Suppose -5*x - 20*a + 4546 = 731, -3*a - 1515 = -2*x. Calculate the greatest common factor of 264 and x.
33
Let o = 88 + -63. Let c(l) = -102*l + 1834. Let k be c(17). What is the highest common factor of k and o?
25
Let t(u) = -3*u**2 - 17*u + 1. Let o be t(-5). Suppose -9*d + 280 = o*d. What is the greatest common divisor of d and 266?
14
Let j = 1725 + -1694. What is the highest common divisor of j and 713?
31
Let p(n) = 6*n**2 - 3*n - 7. Let m be p(-5). Suppose 0*d - d + 17 = 4*r, -4*d + 2*r + m = 0. Let f = d - 21. What is the greatest common divisor of f and 1?
1
Let q = 71 - 53. Suppose 13*i - q = 12*i. What is the greatest common factor of 2 and i?
2
Suppose -8*d + 38 = -11 - 15. What is the highest common factor of 4184 and d?
8
Let s = 315 - 295. Suppose 4*d + 604 = 3*j, -5*j - 27*d + 32*d + 1005 = 0. What is the greatest common factor of s and j?
20
Let j(r) = -36*r - 58. Let o be -2*(2 - 1) - (-308)/(-44). Let u be j(o). What is the greatest common factor of u and 28?
14
Let t = 16 + -7. Suppose -t*p - 7 = 20. Let d = 7 + p. What is the greatest common divisor of d and 16?
4
Let d = -3662 + 5602. Calculate the greatest common divisor of 8 and d.
4
Let p(k) be the third derivative of 1/3*k**3 + 0*k - 5/24*k**4 + 0 + 1/20*k**5 + 11*k**2. Let o be p(3). What is the highest common divisor of o and 56?
14
Suppose 0 = 2*t - 3*s + 65, 5*s - 54 = t - 11. Let f = 40 + t. What is the highest common divisor of 12 and f?
12
Suppose -2889 = -23*d + 1458. Calculate the greatest common factor of d and 819.
63
Let q = 35150 - 35147. What is the highest common factor of 7737 and q?
3
Suppose 2*a = -3*o + 89 - 39, 30 = 2*a - 2*o. Calculate the highest common divisor of a and 13851.
19
Let o(p) = 6977*p + 15 + 33 - 6980*p. Let l = 27 + -12. Let g be o(l). What is the greatest common factor of g and 1?
1
Let j(g) = 242*g**2 + 77*g + 628. Let n be j(-7). What is the highest common factor of n and 13?
13
Suppose -x + 239 = s, 2*x - 4*x + 4*s + 472 = 0. Calculate the highest common factor of 170 and x.
34
Let j(t) = 1407 - 2813 + 1419 + 15*t. Let x be j(5). What is the highest common divisor of x and 55?
11
Let a be 78/(-8)*(-48)/(-90)*1450/(-116). What is the greatest common divisor of a and 949?
13
Let l be 2 + (6 + (1 - 3)/1 - -1869). Calculate the greatest common divisor of l and 200.
25
Suppose -k + 79 = 2*s, -337*k = -342*k + 4*s + 381. Calculate the highest common divisor of 119 and k.
7
Let u(j) = -1966*j + 30. Let f be u(0). Calculate the highest common divisor of 1410 and f.
30
Suppose -2*r + 1428 = -a - 1592, -2*a = -5*r + 7552. What is the greatest common divisor of 2376 and r?
216
Let r = -4249 + 4353. Calculate the greatest common divisor of 3224 and r.
104
Let k = -179 - -215. Suppose -y = -48 - k. What is the highest common factor of y and 112?
28
Let h(g) = g**2 - 18*g - 211. Let m be h(-9). What is the greatest common factor of 1 and m?
1
Suppose -5*d - 2*r - 145 = -1102, -4*r = -4*d + 788. What is the highest common factor of d and 5?
1
Let f(s) = -s**3 - 95*s**2 - 1666*s - 288. Let n be f(-72). Suppose 2*u - 5*u = -48. What is the highest common factor of n and u?
16
Suppose 73*s - 410115 - 383906 = 0. Calculate the greatest common factor of s and 447.
149
Suppose -h - 2369 = -8*p, -4*p - 4*h = 190 - 1370. What is the greatest common factor of p and 32?
8
Let x = -5963 + 7813. Calculate the highest common divisor of 74 and x.
74
Suppose -7*r = -4*b + 88, 0 = -3*b - 6*r + 10*r + 61. What is the highest common divisor of b and 3415?
5
Suppose 31 = 2*p + 2*z - 889, -2*z + 18 = 0. Let t(g) = -28*g - 2. Let x be t(-3). What is the highest common factor of p and x?
41
Suppose -5*c = 5*x, x + 0*c = -2*c - 5. Suppose -x*b = -0*b - 30. Suppose -108*j - 65 = -3305. What is the highest common factor of j and b?
6
Suppose 0 = -3*g + 116937 - 111708. Calculate the greatest common divisor of g and 168.
21
Let l(b) = 5*b**2 - 2*b - 41. Let x be l(7). Let h(z) = 11*z**3 - 2*z**2 + z. Let m be h(1). What is the highest common divisor of x and m?
10
Suppose -5*i - 2*t = -333, -32 + 62 = -5*t. What is the greatest common factor of i and 3?
3
Suppose 3*b + 137 = 182. What is the highest common factor of 348 and b?
3
Let n be (-68 + 0)/(23/((-598)/4)). Calculate the highest common factor of n and 1066.
26
Let j(q) be the third derivative of q**6/20 - q**4/24 + q**3/6 + 2*q**2. Let b = -597 - -598. Let y be j(b). What is the highest common divisor of y and 96?
6
Let p be ((-9)/(-6))/((-1)/(-70)). Let b be (-6)/(-10) - (-1080)/75. Suppose b = -6*f + 7*f. Calculate the greatest common divisor of p and f.
15
Let g(d) = 2*d**3 - 31*d**2 + 18*d + 45. Let v be g(15). Calculate the greatest common divisor of v and 3690.
90
Suppose 4923*x = 4909*x + 28. Calculate the greatest common divisor of x and 816.
2
Let k be (-1)/(-2) - 54/(-12). Let u = 9 + 46. What is the highest common divisor of u and k?
5
Let i(d) = -167*d - 771. Let j be i(-6). Let p(u) = -u**3 + u**2 + u + 21. Let s be p(0). Calculate the greatest common divisor of j and s.
21
Suppose 30481 = -13*s + 24*s. What is the highest common factor of 17 and s?
17
Let l(g) = g**3 - g**2 - 7*g - 10. Let q be l(-6). Let i = -219 - q. Calculate the highest common divisor of i and 11.
1
Let v be (3/9)/((-4)/(-204)). Let z(d) = -2*d**2 + 175*d - 2263. Let r be z(70). What is the greatest common factor of v and r?
17
Let d = 5620 + -5610. Calculate the highest common divisor of 9 and d.
1
Let w be 21656/13 + (-132)/(-858). Let t = w - 1547. Let c = -18 + 25. Calculate the highest common factor of t and c.
7
Let d = 14347 - 14207. Calculate the greatest common divisor of 3185 and d.
35
Suppose 0 = g + k - 10, 943*k = 945*k. Let x(u) = 5*u**2 + 20. Let l be x(10). What is the highest common divisor of g and l?
10
Let u(q) = q**3 - 64*q**2 + 56*q + 611. Let x be u(66). What is the highest common divisor of x and 47?
47
Let c = -127 - -147. Let a be (-382)/(-4) - (-6)/(-4). Suppose -v + a = -106. Calculate the greatest common divisor of v and c.
20
Let m = 9623 + -9371. What is the highest common divisor of 1092 and m?
84
Let v(y) = -y + 451*y**2 - 3*y + 18 + y**3 - 460*y**2. Let q be v(6). Let r = q - -158. Calculate the greatest common factor of r and 4.
4
Let f be (-2773)/(-8) + 1 + (-3423)/(-9128). Calculate the highest common factor of 957 and f.
87
Let r(d) = -23*d**2 - d. Let h be r(-2). Let y = h + 97. Suppose -10 - 18 = -4*l. What is the greatest common divisor of l and y?
7
Let n = -4428 - -4512. Let s be ((-112)/(-10))/((-2)/(-10)). What is the greatest common divisor of s and n?
28
Suppose 3*j - 18 = 5*l, 2*l + 14 = 4*j - 10. Let m be (-720)/(-27) + (-4)/j. Let r be (m/(-8) - -4)*48/3. What is the highest common divisor of 3 and r?
3
Suppose 0 = 28*q + 29 - 113. Suppose 2*m - 4*l = 98, 6*m - 4*l = q*m + 137. What is the greatest common factor of 390 and m?
39
Suppose 0 = 3*i - l - 374, 3148*i - 3153*i = 5*l - 670. Calculate the highest common divisor of i and 17653.
127
Let b(a) = -a**2 + 2*a + 2. Let u be b(2). Suppose x - 21 = -j + 20, 102 = u*j - 3*x. Let h = j - 36. What is the greatest common factor of h and 9?
9
Let w(y) = 23*y**2 + 3*y - 8. Let z be w(2). Suppose 4*f + z + 86 = 0. Let v be (-2 + -1 - -2)/(4/f). Calculate the highest common factor of v and 55.
11
Let p(i) = i**2 + 19*i - 12. Let z be p(-20). Suppose -z*w - 119 + 551 = 0. Let f be (-4)/(-6)*6*9. Calculate the greatest common factor of f and w.
18
Suppose 4*m + 2*g = 18694, 2*m = 193*g - 190*g + 9367. Calculate the greatest common divisor of 28 and m.
28
Let u be (5206124/253)/28 + (-2)/(-23). What is the highest common divisor of u and 240?
15
Suppose -42*q + 37*q + 42565 = 5*t, 5*q = -2*t + 42568. Calculate the greatest common divisor of q and 99.
99
Let x = -230 + 226. Let t be x/(0 + 4)*-7. Calculate the highest common factor of t and 1.
1
Let u be ((-3)/6)/(((-1)/60)/(342/76)). What is the greatest common divisor of u and 45?
45
Let t be -648 + -1 + 12 + -8. Let f be t/(-2) + (6 - -2)/16. What is the highest common factor of 17 and f?
17
Let u(g) = 55*g + 446. Let p be u(-5). Calculate the greatest common divisor of 153 and p.
9
Suppose -4*i + g = -1010, 1268 = 2*i + 3*i - 4*g. Suppose -2251 + 160 = -96*l + 597. Wha